(base 4) to base 14
-3170c3
Convert -14305143 (base 6) to base 3.
-220221120100
Convert -23123330320 (base 4) to base 7.
-34324510
What is -100231321 (base 4) in base 15?
-1544d
-130343003 (base 5) to base 4
-2123211011
4245560 (base 10) to base 11
243a830
-37a3a09 (base 11) to base 14
-c38d1c
-4244424 (base 6) to base 16
-32e00
-205464 (base 8) to base 11
-47436
What is -192d7c (base 15) in base 14?
-23c4d2
Convert 178c5 (base 15) to base 2.
10010100111001011
Convert -94355 (base 10) to base 8.
-270223
What is -29e18b (base 15) in base 8?
-7555135
What is 37623 (base 9) in base 2?
110001011001101
What is 9850 (base 16) in base 15?
b847
What is -71706 (base 12) in base 5?
-14213034
-56928 (base 12) to base 10
-115376
Convert 98379a (base 11) to base 9.
2854661
Convert 652013 (base 7) to base 4.
123232013
Convert 21200221002 (base 3) to base 10.
151580
-79811 (base 15) to base 2
-1011110011000000110
What is 2331100020 (base 5) in base 12?
1951278
What is 12101212000 (base 3) in base 2?
11001111101010110
What is -11211000211 (base 3) in base 14?
-2678c
15b750 (base 16) to base 8
5333520
23e1e (base 15) to base 12
56362
Convert -22212200200 (base 3) to base 14.
-47971
11559 (base 15) to base 5
3231314
Convert 1021220021 (base 4) to base 15.
5e552
What is 11881 (base 11) in base 9?
25321
-10001000110010110110 (base 2) to base 5
-120412220
-31543144 (base 6) to base 13
-267b3b
1101233002 (base 4) to base 14
8a014
-1010101110000011111 (base 2) to base 9
-584752
What is 1051240022 (base 6) in base 13?
2512a42
Convert 100001010011001 (base 2) to base 3.
212101110
What is 1cc78 (base 14) in base 15?
16d02
1b3d9 (base 16) to base 12
546a1
-5387527 (base 9) to base 7
-33404401
What is 616327 (base 8) in base 2?
110001110011010111
Convert -13401123 (base 7) to base 4.
-10233233133
Convert 883b (base 15) to base 9.
43522
What is -4518a (base 16) in base 15?
-58ccd
What is 355222 (base 11) in base 10?
563279
What is 15597 (base 11) in base 13?
a02b
Convert -122211302313 (base 4) to base 9.
-14103716
Convert 1370720 (base 10) to base 5.
322330340
Convert -1022321131 (base 4) to base 2.
-1001010111001011101
What is 21450501 (base 6) in base 9?
1181721
What is 12344 (base 7) in base 11?
24aa
Convert -81445 (base 9) to base 15.
-10d22
Convert -1040404 (base 12) to base 2.
-1011101101011001000100
Convert 155928 (base 16) to base 15.
1c9820
b8663 (base 12) to base 7
2031021
Convert -394513 (base 11) to base 7.
-5164050
What is 103322201 (base 4) in base 13?
2b187
Convert 1578a0 (base 12) to base 2.
1011001010100111000
Convert -11506131 (base 7) to base 6.
-34004140
Convert -1001010010010001100 (base 2) to base 14.
-7cc56
Convert c3d5a (base 16) to base 11.
4a8727
12323013312 (base 4) to base 11
102a728
-3ab789 (base 15) to base 9
-5272633
What is 10723a (base 11) in base 9?
280074
What is 511745 (base 11) in base 9?
1482660
-10111110110011 (base 2) to base 10
-12211
-161154 (base 11) to base 8
-751050
Convert 97b28 (base 13) to base 10.
274321
What is 2001011110020 (base 3) in base 12?
444443
-2101112 (base 4) to base 2
-10010001010110
Convert -10001110001101010100 (base 2) to base 9.
-1077014
Convert -1000210102011 (base 3) to base 13.
-161ccb
-26802 (base 11) to base 7
-216324
-98c71 (base 15) to base 10
-485431
Convert 586324 (base 13) to base 7.
23560402
What is -11212202102 (base 3) in base 9?
-155672
What is 360848 (base 9) in base 13?
77b31
222122211201 (base 4) to base 9
22826283
15969b8 (base 12) to base 5
2113203242
3bc8 (base 14) to base 13
4a68
Convert 11000100110110000 (base 2) to base 13.
36b48
45223 (base 9) to base 2
111010101111000
2a784a8 (base 11) to base 8
24057651
What is -13205114 (base 6) in base 11?
-279013
250311 (base 7) to base 16
b2ce
What is -102121111200021 (base 3) in base 9?
-12544607
Convert -35c58 (base 15) to base 11.
-10796a
What is -101101011101000101111 (base 2) in base 11?
-928060
-120033200 (base 4) to base 8
-301740
-3024784 (base 9) to base 6
-54310204
What is 53529 (base 16) in base 14?
8c53b
Convert -220649 (base 12) to base 15.
-aa03c
Convert 8983 (base 16) to base 15.
a66d
What is -112836 (base 9) in base 15?
-15119
What is 216586 (base 9) in base 8?
374754
What is 102010120202200 (base 3) in base 13?
12c1c32
Convert -310213112 (base 4) to base 12.
-a4872
-1135286 (base 12) to base 10
-3306054
43dd (base 16) to base 7
101436
What is 1324450055 (base 6) in base 2?
111100101001111111110011
What is 1026171 (base 11) in base 12?
732a84
10632487 (base 10) to base 6
1015520251
What is -81844 (base 10) in base 5?
-10104334
14014112120 (base 5) to base 13
3896a72
Convert -321708 (base 9) to base 13.
-69275
What is 3511040 (base 7) in base 11?
280437
-5108800 (base 10) to base 2
-10011011111010001000000
Convert -1283538 (base 9) to base 6.
-23034142
What is -1010100101111111000 (base 2) in base 11?
-217891
Convert -348503 (base 10) to base 14.
-91011
Convert -2001102211 (base 3) to base 11.
-28400
What is 1100112022222 (base 3) in base 14?
14a07a
492ba (base 16) to base 13
a6554
465751 (base 10) to base 8
1615527
What is -3f27b (base 16) in base 6?
-5313335
100001111110001100 (base 2) to base 6
2552112
Convert -54210554 (base 8) to base 10.
-11604332
What is 3111211040 (base 5) in base 16?
60e7b2
Convert -1497582 (base 10) to base 9.
-2732260
100110000101011010000 (base 2) to base 13
349044
What is -266567 (base 9) in base 7?
-1244122
11832 (base 11) to base 14
6287
-100101111011010101 (base 2) to base 5
-14432344
Convert 10632425 (base 7) to base 6.
31553025
Convert -22010200112 (base 3) to base 9.
-263615
What is -80b30 (base 13) in base 3?
-102201000211
-68330 (base 16) to base 3
-210200110102
Convert 1135100 (base 7) to base 14.
3a3a7
Convert 2676d3 (base 15) to base 2.
111000011000101111001
101000111010110 (base 2) to base 5
1132300
Convert -5ba7552 (base 12) to base 4.
-1010033001032
11b6116 (base 12) to base 9
6473600
Convert 455643 (base 8) to base 6.
3151231
Convert 371853 (base 14) to base 15.
274099
What is -4176456 (base 11) in base 8?
-34043551
Convert 14386415 (base 9) to base 12.
2485888
91300 (base 12) to base 2
101110000101110000
What is -24611442 (base 8) in base 3?
-101020121021221
Convert -402241 (base 8) to base 14.
-362ad
What is -1ca72 (base 15) in base 8?
-266452
Convert -16661a (base 12) to base 4.
-1131313312
Convert 11b8505 (base 12) to base 8.
15207725
32510541 (base 6) to base 14
1b4abb
10000110110010110011 (base 2) to base 5
120131430
What is -16abaa (base 12) in base 6?
-12223534
What is 10023405 (base 7) in base 10?
829575
46a9337 (base 11) to base 13
19166a9
Convert 3212216 (base 12) to base 10.
9480114
Convert -3aa763 (base 16) to base 4.
-32222131203
Convert 654284 (base 11) to base 16.
ff2b1
Convert -121210120001 (base 3) to base 4.
-1100232103
-214545 (base 12) to base 3
-222201122122
85c07 (base 13) to base 2
111010111101100100
-9105 (base 12) to base 8
-36525
Convert 1e7103 (base 16) to base 12.
80262b
Convert 33222132 (base 5) to base 12.
11b32a
5784825 (base 10) to base 11
32a1252
Convert 1610441 (base 7) to base 8.
657675
Convert 121494 (base 10) to base 11.
8330a
62c3a (base 14) to base 9
403005
Convert 211322203 (base 5) to base 3.
1200000021011
What is -5871a75 (base 11) in base 16?
-9c6c3b
Convert -1100110110110111101001 (base 2) to base 9.
-6306370
-1321330332 (base 4) to base 14
-d007c
213342031 (base 6) to base 5
1433324344
Convert 5626 (base 14) to base 8.
35122
-723772 (base 14) to base 12
-1358920
-50706 (base 8) to base 16
-51c6
-53a1541 (base 12) to base 10
-15886273
370123 (base 9) to base 14
5b492
What is 160575 (base 9) in base 6?
2041452
Convert -432335 (base 6) to base 9.
-53685
Convert cc8f (base 16) to base 7.
305450
What is 326173 (base 10) in base 4?
1033220131
Convert -111021222222101 (base 3) to base 9.
-14258871
35b97 (base 14) to base 15
28d57
What is 200200353 (base 6) in base 2?
1100110111111101001101
What is -70579 (base 11) in base 6?
-2113402
What is 76211 (base 10) in base 16?
129b3
What is 4463464 (base 7) in base 6?
15510301
What is -226687 (base 11) in base 14?
-9539d
-3d878 (base 14) to base 2
-100101010000010010
What is -110022000 (base 5) in base 16?
-72cea
What is -3233020221 (base 4) in base 7?
-11216451
Convert 531067 (base 9) to base 5.
401